{"id":648,"date":"2025-05-29T11:11:34","date_gmt":"2025-05-29T11:11:34","guid":{"rendered":"https:\/\/kindertagespflege-schmetterling.de\/?page_id=648"},"modified":"2025-05-29T12:01:40","modified_gmt":"2025-05-29T12:01:40","slug":"impressum","status":"publish","type":"page","link":"https:\/\/kindertagespflege-schmetterling.de\/index.php\/impressum\/","title":{"rendered":"impressum"},"content":{"rendered":"\t\t<div data-elementor-type=\"wp-page\" data-elementor-id=\"648\" class=\"elementor elementor-648\" data-elementor-post-type=\"page\">\n\t\t\t\t\t\t<section class=\"elementor-section elementor-top-section elementor-element elementor-element-74273ff animated-slow elementor-section-boxed elementor-section-height-default elementor-section-height-default elementor-invisible\" data-id=\"74273ff\" data-element_type=\"section\" data-settings=\"{&quot;animation&quot;:&quot;fadeIn&quot;}\">\n\t\t\t\t\t\t<div class=\"elementor-container elementor-column-gap-default\">\n\t\t\t\t\t<div class=\"elementor-column elementor-col-100 elementor-top-column elementor-element elementor-element-e5101e6\" data-id=\"e5101e6\" data-element_type=\"column\">\n\t\t\t<div class=\"elementor-widget-wrap elementor-element-populated\">\n\t\t\t\t\t\t<div class=\"elementor-element elementor-element-2b3913c elementor-widget elementor-widget-slider_revolution\" data-id=\"2b3913c\" data-element_type=\"widget\" data-widget_type=\"slider_revolution.default\">\n\t\t\t\t<div class=\"elementor-widget-container\">\n\t\t\t\t\t\n\t\t<div class=\"wp-block-themepunch-revslider\">\n\t\t\t\t<p class=\"rs-p-wp-fix\"><\/p>\n\t\t\t\t<sr7-module data-alias=\"slider-1\" data-id=\"1\" id=\"SR7_1_1\" class=\"rs-ov-hidden\" data-version=\"6.7.34\">\n\t\t\t\t\t<sr7-adjuster><\/sr7-adjuster>\n\t\t\t\t\t<sr7-content>\n\t\t\t\t\t\t<sr7-slide id=\"SR7_1_1-1\" data-key=\"1\">\n\t\t\t\t\t\t\t<sr7-bg id=\"SR7_1_1-1-2\" class=\"sr7-layer\"><noscript><img decoding=\"async\" src=\"https:\/\/kindertagespflege-schmetterling.de\/wp-content\/uploads\/2025\/05\/WhatsApp-Image-2025-05-18-at-10.21.222-1.jpeg\" alt=\"\" title=\"WhatsApp Image 2025-05-18 at 10.21.22(2)\"><\/noscript><\/sr7-bg>\n\t\t\t\t\t\t<\/sr7-slide>\n\t\t\t\t\t\t<sr7-slide id=\"SR7_1_1-2\" data-key=\"2\">\n\t\t\t\t\t\t\t<sr7-bg id=\"SR7_1_1-2-1\" class=\"sr7-layer\"><noscript><img decoding=\"async\" src=\"https:\/\/kindertagespflege-schmetterling.de\/wp-content\/uploads\/2025\/05\/WhatsApp-Image-2025-05-18-at-10.21.223.jpeg\" alt=\"\" title=\"WhatsApp Image 2025-05-18 at 10.21.22(3)\"><\/noscript><\/sr7-bg>\n\t\t\t\t\t\t<\/sr7-slide>\n\t\t\t\t\t\t<sr7-slide id=\"SR7_1_1-3\" data-key=\"3\">\n\t\t\t\t\t\t<\/sr7-slide>\n\t\t\t\t\t<\/sr7-content>\n\t\t\t\t\t<image_lists style=\"display:none\">\n\t\t\t\t\t\t<img data-src=\"\/\/kindertagespflege-schmetterling.de\/wp-content\/uploads\/2025\/05\/cropped-2025051923252192.png\" data-libid=\"416\" data-lib=\"medialibrary\" title=\"cropped-2025051923252192.png\" width=\"0\" height=\"0\" data-dbsrc=\"Ly9raW5kZXJ0YWdlc3BmbGVnZS1zY2htZXR0ZXJsaW5nLmRlL3dwLWNvbnRlbnQvdXBsb2Fkcy8yMDI1LzA1L2Nyb3BwZWQtMjAyNTA1MTkyMzI1MjE5Mi5wbmc=\"\/>\n\t\t\t\t\t\t<img data-src=\"\/\/kindertagespflege-schmetterling.de\/wp-content\/uploads\/2025\/05\/WhatsApp-Image-2025-05-18-at-10.21.222-1.jpeg\" data-libid=\"412\" data-lib=\"medialibrary\" title=\"WhatsApp Image 2025-05-18 at 10.21.22(2)\" width=\"0\" height=\"0\" data-dbsrc=\"Ly9raW5kZXJ0YWdlc3BmbGVnZS1zY2htZXR0ZXJsaW5nLmRlL3dwLWNvbnRlbnQvdXBsb2Fkcy8yMDI1LzA1L1doYXRzQXBwLUltYWdlLTIwMjUtMDUtMTgtYXQtMTAuMjEuMjIyLTEuanBlZw==\"\/>\n\t\t\t\t\t\t<img data-src=\"\/\/kindertagespflege-schmetterling.de\/wp-content\/uploads\/2025\/05\/WhatsApp-Image-2025-05-18-at-10.21.223.jpeg\" data-libid=\"405\" data-lib=\"medialibrary\" title=\"WhatsApp Image 2025-05-18 at 10.21.22(3)\" width=\"0\" height=\"0\" data-dbsrc=\"Ly9raW5kZXJ0YWdlc3BmbGVnZS1zY2htZXR0ZXJsaW5nLmRlL3dwLWNvbnRlbnQvdXBsb2Fkcy8yMDI1LzA1L1doYXRzQXBwLUltYWdlLTIwMjUtMDUtMTgtYXQtMTAuMjEuMjIzLmpwZWc=\"\/>\n\t\t\t\t\t<\/image_lists>\n\t\t\t\t<\/sr7-module>\n\t\t\t\t<script>\n\t\t\t\t\tSR7.PMH ??={}; SR7.PMH[\"SR7_1_1\"] = {cn:100,state:false,fn: function() { if (_tpt!==undefined && _tpt.prepareModuleHeight !== undefined) {  _tpt.prepareModuleHeight({id:\"SR7_1_1\",el:[891,891,700,600,500],type:'standard',shdw:'0',gh:[891,891,700,600,500],gw:[1300,1300,1024,778,480],vpt:['-100px&#039;,&#039;-100px&#039;,&#039;-100px&#039;,&#039;-100px&#039;,&#039;-100px'],size:{fullWidth:true, fullHeight:false},mh:'0',onh:0,onw:0,bg:{color:'{\"orig\":\"transparent\",\"type\":\"solid\",\"string\":\"transparent\"}'}});   SR7.PMH[\"SR7_1_1\"].state=true;} else if(SR7.PMH[\"SR7_1_1\"].cn-->0)\tsetTimeout( SR7.PMH[\"SR7_1_1\"].fn,19);}};SR7.PMH[\"SR7_1_1\" ].fn();\n\t\t\t\t<\/script>\n<\/div>\n\n\t\t\t\t\t\t<\/div>\n\t\t\t\t<\/div>\n\t\t\t\t\t<\/div>\n\t\t<\/div>\n\t\t\t\t\t<\/div>\n\t\t<\/section>\n\t\t<div class=\"elementor-element elementor-element-3b0142a e-flex e-con-boxed e-con e-parent\" data-id=\"3b0142a\" data-element_type=\"container\">\n\t\t\t\t\t<div class=\"e-con-inner\">\n\t\t<div class=\"elementor-element elementor-element-959cd4b e-con-full e-flex e-con e-child\" data-id=\"959cd4b\" data-element_type=\"container\">\n\t\t\t\t<\/div>\n\t\t<div class=\"elementor-element elementor-element-b366ab4 e-con-full e-flex e-con e-child\" data-id=\"b366ab4\" data-element_type=\"container\">\n\t\t\t\t<div class=\"elementor-element elementor-element-8dd6bfb elementor-widget elementor-widget-text-editor\" data-id=\"8dd6bfb\" data-element_type=\"widget\" data-widget_type=\"text-editor.default\">\n\t\t\t\t<div class=\"elementor-widget-container\">\n\t\t\t\t\t\t\t\t\t<div class=\"elementor-element elementor-element-bc3b484 elementor-widget elementor-widget-text-editor\" data-id=\"bc3b484\" data-element_type=\"widget\" data-widget_type=\"text-editor.default\"><div class=\"elementor-widget-container\"><div class=\"tw-container tw-py-64 tw-pb-12 lg:tw-pb-24\"><div class=\"md:tw-max-w-4xl tw-my-24\"><div><p><span style=\"color: #000000;\"><strong>Impressum<\/strong><\/span><\/p><p>Kindertagespflege Schmetterling<\/p><p>Creglinger Str. 5<br \/>90449 N\u00fcrnberg<\/p><\/div><\/div><div class=\"md:tw-max-w-4xl tw-my-24 mt-24\"><div><p><span style=\"color: #000000;\"><br \/>Frau \u00a0Faranak Farzam<\/span><\/p><\/div><div><div class=\"tw-ml-20 lg:tw-ml-0 tw-text-left mb-12\"><p><strong><span style=\"color: #000000;\">Steuernummer:<\/span> <span style=\"color: #000000;\">240\/216\/220617<\/span><\/strong><\/p><\/div><\/div><\/div><div class=\"md:tw-max-w-4xl tw-my-24 mt-24\"><div><div class=\"tw-ml-20 lg:tw-ml-0 tw-text-left mb-12\"><p class=\"!tw-py-[.5rem] first:!tw-pt-0 last:!tw-pb-0\"><br \/>Sie erreichen die Kindertagespflege \u00a0<\/p><p><span style=\"color: #000000;\">Tel: +49 176 820 66545<\/span><\/p><\/div><\/div><\/div><div class=\"md:tw-max-w-4xl tw-my-24 mt-24\"><div><span style=\"color: #000000;\">E-Mail:<\/span> <a href=\"https:\/\/web1.plesk-webspace.net:8443\/smb\/email-address\/edit\/id\/1165\">info@Kindertagespflege-schmetterling.de<\/a><\/div><\/div><\/div><div class=\"tw-container tw-py-64 tw-pt-12 lg:tw-pt-24\"><div class=\"md:tw-max-w-4xl tw-my-24\"><div><p><span style=\"color: #000000;\">Internet:<\/span> <span style=\"color: #000000;\">Kindertagespflege-Schmetterling.de<\/span><\/p><p><span style=\"color: #000000;\"><strong>Haftungshinweis:<\/strong><\/span><\/p><\/div><div><div class=\"tw-ml-20 lg:tw-ml-0 tw-text-left mb-12\"><p class=\"!tw-py-[.5rem] first:!tw-pt-0 last:!tw-pb-0\">Trotz sorgf\u00e4ltiger inhaltlicher Kontrolle \u00fcbernehmen wir keine Haftung f\u00fcr die Inhalte externer Links. F\u00fcr den Inhalt der verlinkten Seiten sind ausschlie\u00dflich deren Betreiber verantwortlich. S\u00e4mtliche angebotenen Informationen d\u00fcrfen \u2013 auch auszugsweise \u2013 nur mit schriftlicher Genehmigung der Kindertagespflege Schmetterling weiterverbreitet oder anderweitig ver\u00f6ffentlicht werden. Die Suchsysteme unserer Seite\u00a0 d\u00fcrfen nur zu pers\u00f6nlichen Zwecken verwendet werden. Keinesfalls ist es gestattet, die abgerufenen Informationen online oder in anderen Medien weiterzuverbreiten oder kommerziell zu nutzen!<\/p><\/div><\/div><\/div><div class=\"md:tw-max-w-4xl tw-my-24 mt-24\"><div>Technische Gesamtrealisation:<\/div><div><div class=\"tw-ml-20 lg:tw-ml-0 tw-text-left mb-12\"><p class=\"!tw-py-[.5rem] first:!tw-pt-0 last:!tw-pb-0\">XeonEurope &amp; XeonEurope SRL<\/p><p class=\"!tw-py-[.5rem] first:!tw-pt-0 last:!tw-pb-0\">Website &amp; eCommerce Platforms<\/p><\/div><\/div><\/div><div class=\"md:tw-max-w-4xl tw-my-24 mt-24\"><div>Verantwortlich f\u00fcr den Inhalt gem\u00e4\u00df \u00a7 18 Abs. 2 MStV:<\/div><div>M.Sieger<\/div><div>\u00a0<\/div><\/div><div class=\"md:tw-max-w-4xl tw-my-24 mt-24\"><div><strong>Online-Streitbeilegung:<\/strong><\/div><div><div class=\"tw-ml-20 lg:tw-ml-0 tw-text-left mb-12\"><p class=\"!tw-py-[.5rem] first:!tw-pt-0 last:!tw-pb-0\">Die Europ\u00e4ische Kommission stellt eine Plattform zur Online-Streitbeilegung (OS) bereit. Die Plattform finden Sie unter <a class=\"tw-outline-none whitespace-nowrap tw-underline tw-font-sans-regular tw-underline-offset-4 tw-text-ionos-blue-700 tw-font-normal tw-text-base tw-decoration-ionos-blue-700 tw-decoration-1 hover:tw-decoration-2 active:tw-border-none active:tw-decoration-1 disabled:tw-text-cool-grey-400 disabled:tw-decoration-cool-grey-400 focus-visible:tw-border-2 focus-visible:tw-rounded-lg focus-visible:tw-underline-offset-2 focus-visible:tw-border-ionos-blue-700 focus-visible:tw-shadow-[#458FFF]\" tabindex=\"-1\" title=\"https:\/\/ec.europa.eu\/consumers\/odr\" href=\"https:\/\/ec.europa.eu\/consumers\/odr\" target=\"_blank\" rel=\"noopener noreferrer\" data-linkid=\"ct.txt.0.https-ec-europa-eu-consumers-odr\" data-onpagelink=\"0\">https:\/\/ec.europa.eu\/consumers\/odr<\/a>. Verbraucher haben die M\u00f6glichkeit, diese Plattform f\u00fcr die Beilegung ihrer Streitigkeiten zu nutzen.<\/p><\/div><\/div><\/div><div class=\"md:tw-max-w-4xl tw-my-24 mt-24\"><div>Beilegung von Verbraucherstreitigkeiten:<\/div><div><div class=\"tw-ml-20 lg:tw-ml-0 tw-text-left\"><p class=\"!tw-py-[.5rem] first:!tw-pt-0 last:!tw-pb-0\">Zur Teilnahme an einem Streitbeilegungsverfahren vor einer Verbraucherschlichtungsstelle sind wir nicht verpflichtet und nicht bereit.<\/p><\/div><\/div><\/div><\/div><div class=\"tw-w-full tw-bg-cool-grey-100 tw-text-cool-grey-700\"><div id=\"dsa\" class=\"tw-container tw-py-64\"><div class=\"tw-w-full tw-text-left\"><div><strong>Kontaktstellen<\/strong><\/div><\/div><div class=\"lg:tw-flex lg:tw-flex-wrap tw--my-8 tw-grid tw-grid-cols-1 md:tw-grid-cols-2\"><div class=\"tw-flex-1 tw-relative tw-flex tw-flex-col tw-p-32 tw-mx-4 tw-rounded-2xl md:tw-my-4 tw-my-12 tw-ml-0 tw-bg-white\"><div class=\"tw-flex tw-flex-col tw-h-full\"><div class=\"tw-flex-grow\"><div class=\"tw-flex tw-flex-col tw-justify-start tw-h-full tw-text-cool-grey-700\"><div class=\"tw-block lg:tw-text-2xl tw-font-overpass-semibold tw-text-2xl tw-text-left tw-font-semibold tw-leading-8 tw-mb-8 tw-text-cool-grey-700\"><div>Kontaktstelle gem\u00e4\u00df VERORDNUNG (EU) 2021\/784 DES EUROP\u00c4ISCHEN PARLAMENTS UND DES RATES<\/div><\/div><div><div class=\"tw-sans-regular tw-font-normal tw-text-base tw-text-left tw-leading-6 tw-pb-32 tw-text-cool-grey-700\"><p class=\"!tw-py-[.5rem] first:!tw-pt-0 last:!tw-pb-0\">Kommunikationssprachen: Deutsch, Englisch<\/p><p class=\"!tw-py-[.5rem] first:!tw-pt-0 last:!tw-pb-0\">Diese E-Mail-Adresse ist ausschlie\u00dflich f\u00fcr die Kommunikation gem\u00e4\u00df Verordnung (EU) 2021\/784 bestimmt. Andere Anfragen werden nicht bearbeitet und beantwortet.<\/p><\/div><\/div><\/div><\/div><div><div class=\"tw-text-left tw-flex\">Email: info@kindertagespflege-schmetterling.de<\/div><\/div><\/div><\/div><div class=\"tw-flex-1 tw-relative tw-flex tw-flex-col tw-border-solid tw-border-blue-700 tw-p-32 tw-mx-4 tw-rounded-2xl md:tw-my-4 tw-my-12 tw-bg-white\"><div class=\"tw-flex tw-flex-col tw-h-full\"><div class=\"tw-flex-grow\"><div class=\"tw-flex tw-flex-col tw-justify-start tw-h-full tw-text-cool-grey-700\"><div class=\"tw-block lg:tw-text-2xl tw-font-overpass-semibold tw-text-2xl tw-text-left tw-font-semibold tw-leading-8 tw-mb-8 tw-text-cool-grey-700\"><div>Kontaktstelle f\u00fcr Beh\u00f6rden gem\u00e4\u00df Art. 11 der VERORDNUNG (EU) 2022\/2065 DES EUROP\u00c4ISCHEN PARLAMENTS UND DES RATES<\/div><\/div><div><div class=\"tw-sans-regular tw-font-normal tw-text-base tw-text-left tw-leading-6 tw-pb-32 tw-text-cool-grey-700\"><p class=\"!tw-py-[.5rem] first:!tw-pt-0 last:!tw-pb-0\">Kommunikationssprachen: Deutsch<\/p><p class=\"!tw-py-[.5rem] first:!tw-pt-0 last:!tw-pb-0\">Diese E-Mail-Adresse ist ausschlie\u00dflich f\u00fcr Anfragen gem\u00e4\u00df Art. 11 DSA bestimmt. Andere Anfragen werden nicht bearbeitet und beantwortet.<\/p><\/div><\/div><\/div><\/div><\/div><\/div><div class=\"tw-flex-1 tw-relative tw-flex tw-flex-col tw-p-32 tw-mx-4 tw-rounded-2xl md:tw-my-4 tw-my-12 tw-ml-0 tw-bg-white\"><div class=\"tw-flex tw-flex-col tw-h-full\"><div class=\"tw-flex-grow\"><div class=\"tw-flex tw-flex-col tw-justify-start tw-h-full tw-text-cool-grey-700\"><div class=\"tw-block lg:tw-text-2xl tw-font-overpass-semibold tw-text-2xl tw-text-left tw-font-semibold tw-leading-8 tw-mb-8 tw-text-cool-grey-700\"><div>Meldeverfahren gem\u00e4\u00df Art. 16 der VERORDNUNG (EU) 2022\/2065 DES EUROP\u00c4ISCHEN PARLAMENTS UND DES RATES<\/div><\/div><\/div><\/div><\/div><\/div><\/div><\/div><\/div><\/div><\/div>\t\t\t\t\t\t\t\t<\/div>\n\t\t\t\t<\/div>\n\t\t\t\t<\/div>\n\t\t<div class=\"elementor-element elementor-element-3f24461 e-con-full e-flex e-con e-child\" data-id=\"3f24461\" data-element_type=\"container\">\n\t\t\t\t<\/div>\n\t\t\t\t\t<\/div>\n\t\t\t\t<\/div>\n\t\t\t\t<\/div>\n\t\t","protected":false},"excerpt":{"rendered":"<p>Impressum Kindertagespflege Schmetterling Creglinger Str. 590449 N\u00fcrnberg Frau \u00a0Faranak Farzam Steuernummer: 240\/216\/220617 Sie erreichen die Kindertagespflege \u00a0 Tel: +49 176 820 66545 E-Mail: info@Kindertagespflege-schmetterling.de Internet: Kindertagespflege-Schmetterling.de Haftungshinweis: Trotz sorgf\u00e4ltiger inhaltlicher Kontrolle \u00fcbernehmen wir keine Haftung f\u00fcr die Inhalte externer Links. F\u00fcr den Inhalt der verlinkten Seiten sind ausschlie\u00dflich deren Betreiber verantwortlich. S\u00e4mtliche angebotenen Informationen d\u00fcrfen&#8230;<\/p>\n","protected":false},"author":1,"featured_media":0,"parent":0,"menu_order":0,"comment_status":"closed","ping_status":"closed","template":"","meta":{"_kad_post_transparent":"","_kad_post_title":"hide","_kad_post_layout":"normal","_kad_post_sidebar_id":"","_kad_post_content_style":"unboxed","_kad_post_vertical_padding":"hide","_kad_post_feature":"hide","_kad_post_feature_position":"","_kad_post_header":false,"_kad_post_footer":false,"footnotes":""},"class_list":["post-648","page","type-page","status-publish","hentry"],"_links":{"self":[{"href":"https:\/\/kindertagespflege-schmetterling.de\/index.php\/wp-json\/wp\/v2\/pages\/648","targetHints":{"allow":["GET"]}}],"collection":[{"href":"https:\/\/kindertagespflege-schmetterling.de\/index.php\/wp-json\/wp\/v2\/pages"}],"about":[{"href":"https:\/\/kindertagespflege-schmetterling.de\/index.php\/wp-json\/wp\/v2\/types\/page"}],"author":[{"embeddable":true,"href":"https:\/\/kindertagespflege-schmetterling.de\/index.php\/wp-json\/wp\/v2\/users\/1"}],"replies":[{"embeddable":true,"href":"https:\/\/kindertagespflege-schmetterling.de\/index.php\/wp-json\/wp\/v2\/comments?post=648"}],"version-history":[{"count":7,"href":"https:\/\/kindertagespflege-schmetterling.de\/index.php\/wp-json\/wp\/v2\/pages\/648\/revisions"}],"predecessor-version":[{"id":656,"href":"https:\/\/kindertagespflege-schmetterling.de\/index.php\/wp-json\/wp\/v2\/pages\/648\/revisions\/656"}],"wp:attachment":[{"href":"https:\/\/kindertagespflege-schmetterling.de\/index.php\/wp-json\/wp\/v2\/media?parent=648"}],"curies":[{"name":"wp","href":"https:\/\/api.w.org\/{rel}","templated":true}]}}